alculate the remainder when 31889762 is divided by 169626.
74
What is the remainder when 11940347 is divided by 5274?
11
What is the remainder when 1876168716 is divided by 19?
17
What is the remainder when 839063 is divided by 6606?
101
Calculate the remainder when 386555 is divided by 20332.
247
What is the remainder when 4098146 is divided by 1366033?
47
Calculate the remainder when 2331869 is divided by 185.
129
Calculate the remainder when 3104879 is divided by 1169.
15
What is the remainder when 6643 is divided by 1015?
553
Calculate the remainder when 123043 is divided by 454.
9
Calculate the remainder when 77195330 is divided by 77195327.
3
What is the remainder when 286018 is divided by 6648?
154
What is the remainder when 2418901 is divided by 660?
1
Calculate the remainder when 332194 is divided by 9492.
9466
What is the remainder when 603167 is divided by 4749?
44
Calculate the remainder when 72164 is divided by 386.
368
Calculate the remainder when 72571242 is divided by 24190414.
0
What is the remainder when 1421838 is divided by 473944?
6
What is the remainder when 19814203 is divided by 118?
115
What is the remainder when 637702 is divided by 90769?
2319
What is the remainder when 1252298 is divided by 1157?
424
Calculate the remainder when 37087368 is divided by 129.
126
What is the remainder when 1007939 is divided by 23?
10
What is the remainder when 10177441 is divided by 3988?
65
What is the remainder when 22689 is divided by 265?
164
Calculate the remainder when 3074 is divided by 1849.
1225
What is the remainder when 1293093 is divided by 1194?
1185
Calculate the remainder when 220319 is divided by 108.
107
What is the remainder when 107378655 is divided by 9761694?
21
Calculate the remainder when 953368 is divided by 3938.
372
Calculate the remainder when 32488727 is divided by 274.
273
Calculate the remainder when 4538538 is divided by 2269257.
24
Calculate the remainder when 2264846 is divided by 5329.
21
Calculate the remainder when 355372 is divided by 71039.
177
Calculate the remainder when 19688790 is divided by 656292.
30
What is the remainder when 292237 is divided by 1948?
37
Calculate the remainder when 518651 is divided by 20740.
151
Calculate the remainder when 1863095 is divided by 1863077.
18
What is the remainder when 992060998 is divided by 75?
73
Calculate the remainder when 7879821 is divided by 70.
61
What is the remainder when 12419477 is divided by 61?
60
What is the remainder when 34032 is divided by 3129?
2742
What is the remainder when 752190 is divided by 125365?
0
Calculate the remainder when 16450826 is divided by 9626.
9618
Calculate the remainder when 4025539 is divided by 575052.
175
What is the remainder when 37846489 is divided by 12615473?
70
Calculate the remainder when 8310032 is divided by 145790.
2
What is the remainder when 106000662 is divided by 106000650?
12
Calculate the remainder when 163493 is divided by 163193.
300
Calculate the remainder when 719033 is divided by 13784.
2265
Calculate the remainder when 2159857713 is divided by 73.
70
Calculate the remainder when 137174 is divided by 995.
859
What is the remainder when 75686 is divided by 2222?
138
Calculate the remainder when 65080 is divided by 29.
4
What is the remainder when 1894036 is divided by 189395?
86
Calculate the remainder when 123816 is divided by 41238.
102
Calculate the remainder when 212304308 is divided by 6516.
6512
Calculate the remainder when 747007 is divided by 5883.
5749
What is the remainder when 672984 is divided by 1438?
0
Calculate the remainder when 93072 is divided by 1102.
504
What is the remainder when 753091 is divided by 188243?
119
What is the remainder when 1862527 is divided by 166?
7
What is the remainder when 4412596 is divided by 114?
112
What is the remainder when 956661 is divided by 674?
255
Calculate the remainder when 588565 is divided by 1.
0
Calculate the remainder when 9228835 is divided by 313.
30
What is the remainder when 8707837 is divided by 375?
337
Calculate the remainder when 9663743 is divided by 13.
11
Calculate the remainder when 1083976 is divided by 962.
764
What is the remainder when 1558923 is divided by 519578?
189
What is the remainder when 39075 is divided by 4290?
465
Calculate the remainder when 109821276 is divided by 3253.
3249
Calculate the remainder when 2345471 is divided by 43.
36
Calculate the remainder when 1726545 is divided by 863259.
27
Calculate the remainder when 51396133 is divided by 114468.
1
What is the remainder when 274866 is divided by 6182?
2858
What is the remainder when 53221467 is divided by 1841?
1839
What is the remainder when 15989770 is divided by 1796?
1778
Calculate the remainder when 132125 is divided by 1809.
68
What is the remainder when 6584086 is divided by 35?
26
What is the remainder when 92264 is divided by 91507?
757
Calculate the remainder when 1027814 is divided by 883.
2
Calculate the remainder when 18288849 is divided by 1230.
1209
What is the remainder when 1798384 is divided by 15?
4
What is the remainder when 3116047 is divided by 11290?
7
What is the remainder when 108872 is divided by 209?
192
What is the remainder when 90691 is divided by 15065?
301
Calculate the remainder when 95957 is divided by 893.
406
What is the remainder when 2638343 is divided by 879429?
56
Calculate the remainder when 17916861 is divided by 57.
51
Calculate the remainder when 1567829 is divided by 273.
263
Calculate the remainder when 31181 is divided by 487.
13
What is the remainder when 105448 is divided by 10?
8
Calculate the remainder when 10300286 is divided by 730.
716
What is the remainder when 484975 is divided by 3762?
3439
What is the remainder when 149337981 is divided by 6634?
7
Calculate the remainder when 2952510 is divided by 18685.
280
Calculate the remainder when 327401 is divided by 163194.
1013
Calculate the remainder when 320008 is divided by 53328.
40
Calculate the remainder when 313928 is divided by 15.
8
Calculate the remainder when 19317779 is divided by 708.
707
What is the remainder when 369874 is divided by 2924?
1450
Calculate the remainder when 8194 is divided by 7023.
1171
What is the remainder when 36388 is divided by 1008?
100
Calculate the remainder when 1198505 is divided by 5735.
5625
Calculate the remainder when 6784840 is divided by 19.
16
Calculate the remainder when 42803 is divided by 935.
728
Calculate the remainder when 1554759 is divided by 94.
93
Calculate the remainder when 1367366 is divided by 483.
476
What is the remainder when 10872279 is divided by 33870?
9
What is the remainder when 20269 is divided by 3526?
2639
What is the remainder when 6311312 is divided by 2633?
11
What is the remainder when 8517470 is divided by 2349?
2345
What is the remainder when 15783576 is divided by 3156675?
201
Calculate the remainder when 75479068 is divided by 61.
47
What is the remainder when 356605 is divided by 7180?
4785
Calculate the remainder when 15081568 is divided by 315.
313
What is the remainder when 8306698 is divided by 52?
10
Calculate the remainder when 570439 is divided by 570433.
6
What is the remainder when 72562389 is divided by 2268?
2265
What is the remainder when 1134096 is divided by 12601?
6
Calculate the remainder when 154348416 is divided by 1474.
1454
Calculate the remainder when 14369466 is divided by 3648.
3642
Calculate the remainder when 15924751 is divided by 838144.
15
Calculate the remainder when 915994 is divided by 9215.
3709
Calculate the remainder when 6470021 is divided by 3248.
5
What is the remainder when 605839 is divided by 201893?
160
Calculate the remainder when 1017397 is divided by 99.
73
What is the remainder when 5000815 is divided by 2500401?
13
What is the remainder when 87111342 is divided by 114?
66
Calculate the remainder when 41860456 is divided by 530.
526
What is the remainder when 30319 is divided by 1271?
1086
Calculate the remainder when 360359762 is divided by 26.
22
What is the remainder when 49258915 is divided by 20?
15
What is the remainder when 67181336 is divided by 31?
27
Calculate the remainder when 14610669 is divided by 2597.
2544
What is the remainder when 43149046 is divided by 1130?
1126
Calculate the remainder when 1206131 is